[INFO] fetching crate haro 0.3.0...
[INFO] checking haro-0.3.0 against master#e6e4f7ed1589e03bc2f6c5931c1a72e7947e8682 for beta-170-4
[INFO] extracting crate haro 0.3.0 into /workspace/builds/worker-1-tc2/source
[INFO] validating manifest of crates.io crate haro 0.3.0 on toolchain e6e4f7ed1589e03bc2f6c5931c1a72e7947e8682
[INFO] running `Command { std: CARGO_HOME="/workspace/cargo-home" RUSTUP_HOME="/workspace/rustup-home" "/workspace/cargo-home/bin/cargo" "+e6e4f7ed1589e03bc2f6c5931c1a72e7947e8682" "metadata" "--manifest-path" "Cargo.toml" "--no-deps", kill_on_drop: false }`
[INFO] started tweaking crates.io crate haro 0.3.0
[INFO] finished tweaking crates.io crate haro 0.3.0
[INFO] tweaked toml for crates.io crate haro 0.3.0 written to /workspace/builds/worker-1-tc2/source/Cargo.toml
[INFO] crate crates.io crate haro 0.3.0 already has a lockfile, it will not be regenerated
[INFO] running `Command { std: CARGO_HOME="/workspace/cargo-home" RUSTUP_HOME="/workspace/rustup-home" "/workspace/cargo-home/bin/cargo" "+e6e4f7ed1589e03bc2f6c5931c1a72e7947e8682" "fetch" "--manifest-path" "Cargo.toml", kill_on_drop: false }`
[INFO] running `Command { std: "docker" "create" "-v" "/var/lib/crater-agent-workspace/builds/worker-1-tc2/target:/opt/rustwide/target:rw,Z" "-v" "/var/lib/crater-agent-workspace/builds/worker-1-tc2/source:/opt/rustwide/workdir:ro,Z" "-v" "/var/lib/crater-agent-workspace/cargo-home:/opt/rustwide/cargo-home:ro,Z" "-v" "/var/lib/crater-agent-workspace/rustup-home:/opt/rustwide/rustup-home:ro,Z" "-e" "SOURCE_DIR=/opt/rustwide/workdir" "-e" "CARGO_TARGET_DIR=/opt/rustwide/target" "-e" "CARGO_HOME=/opt/rustwide/cargo-home" "-e" "RUSTUP_HOME=/opt/rustwide/rustup-home" "-w" "/opt/rustwide/workdir" "-m" "1610612736" "--user" "0:0" "--network" "none" "ghcr.io/rust-lang/crates-build-env/linux@sha256:19e73879b68f455e41552ea35293514db52ea292d993f571636dbffedb77a1ee" "/opt/rustwide/cargo-home/bin/cargo" "+e6e4f7ed1589e03bc2f6c5931c1a72e7947e8682" "metadata" "--no-deps" "--format-version=1", kill_on_drop: false }`
[INFO] [stdout] 0b0effc15e5dd14bc68ecfb72976fc2ee2082c02e9871ed1f63d044210cc4322
[INFO] running `Command { std: "docker" "start" "-a" "0b0effc15e5dd14bc68ecfb72976fc2ee2082c02e9871ed1f63d044210cc4322", kill_on_drop: false }`
[INFO] running `Command { std: "docker" "inspect" "0b0effc15e5dd14bc68ecfb72976fc2ee2082c02e9871ed1f63d044210cc4322", kill_on_drop: false }`
[INFO] running `Command { std: "docker" "rm" "-f" "0b0effc15e5dd14bc68ecfb72976fc2ee2082c02e9871ed1f63d044210cc4322", kill_on_drop: false }`
[INFO] [stdout] 0b0effc15e5dd14bc68ecfb72976fc2ee2082c02e9871ed1f63d044210cc4322
[INFO] running `Command { std: "docker" "create" "-v" "/var/lib/crater-agent-workspace/builds/worker-1-tc2/target:/opt/rustwide/target:rw,Z" "-v" "/var/lib/crater-agent-workspace/builds/worker-1-tc2/source:/opt/rustwide/workdir:ro,Z" "-v" "/var/lib/crater-agent-workspace/cargo-home:/opt/rustwide/cargo-home:ro,Z" "-v" "/var/lib/crater-agent-workspace/rustup-home:/opt/rustwide/rustup-home:ro,Z" "-e" "SOURCE_DIR=/opt/rustwide/workdir" "-e" "CARGO_TARGET_DIR=/opt/rustwide/target" "-e" "CARGO_INCREMENTAL=0" "-e" "RUST_BACKTRACE=full" "-e" "RUSTFLAGS=--cap-lints=forbid" "-e" "RUSTDOCFLAGS=--cap-lints=forbid" "-e" "CARGO_HOME=/opt/rustwide/cargo-home" "-e" "RUSTUP_HOME=/opt/rustwide/rustup-home" "-w" "/opt/rustwide/workdir" "-m" "1610612736" "--user" "0:0" "--network" "none" "ghcr.io/rust-lang/crates-build-env/linux@sha256:19e73879b68f455e41552ea35293514db52ea292d993f571636dbffedb77a1ee" "/opt/rustwide/cargo-home/bin/cargo" "+e6e4f7ed1589e03bc2f6c5931c1a72e7947e8682" "check" "--frozen" "--all" "--all-targets" "--message-format=json", kill_on_drop: false }`
[INFO] [stdout] 18a74fd81abdf5563a846fc0ab2355ad87366f88b71339851b8b2867dc7083d9
[INFO] running `Command { std: "docker" "start" "-a" "18a74fd81abdf5563a846fc0ab2355ad87366f88b71339851b8b2867dc7083d9", kill_on_drop: false }`
[INFO] [stderr]    Compiling proc-macro2 v1.0.50
[INFO] [stderr]    Compiling unicode-ident v1.0.6
[INFO] [stderr]    Compiling quote v1.0.23
[INFO] [stderr]    Compiling syn v1.0.107
[INFO] [stderr]    Compiling memchr v2.5.0
[INFO] [stderr]     Checking itoa v1.0.5
[INFO] [stderr]    Compiling serde_derive v1.0.152
[INFO] [stderr]    Compiling libc v0.2.139
[INFO] [stderr]    Compiling time-core v0.1.0
[INFO] [stderr]    Compiling serde v1.0.152
[INFO] [stderr]    Compiling log v0.4.17
[INFO] [stderr]    Compiling serde_json v1.0.91
[INFO] [stderr]     Checking regex-syntax v0.6.28
[INFO] [stderr]    Compiling cookie v0.17.0
[INFO] [stderr]     Checking fnv v1.0.7
[INFO] [stderr]     Checking bytes v1.3.0
[INFO] [stderr]    Compiling time-macros v0.2.6
[INFO] [stderr]     Checking termcolor v1.2.0
[INFO] [stderr]     Checking humantime v2.1.0
[INFO] [stderr]     Checking ryu v1.0.12
[INFO] [stderr]     Checking once_cell v1.17.0
[INFO] [stderr]     Checking http v0.2.8
[INFO] [stderr]     Checking aho-corasick v0.7.20
[INFO] [stderr]     Checking time v0.3.17
[INFO] [stderr]     Checking atty v0.2.14
[INFO] [stderr]     Checking regex v1.7.1
[INFO] [stderr]     Checking env_logger v0.9.3
[INFO] [stderr]     Checking haro v0.3.0 (/opt/rustwide/workdir)
[INFO] [stdout] warning: unused import: `log::error`
[INFO] [stdout]  --> src/http/response.rs:7:5
[INFO] [stdout]   |
[INFO] [stdout] 7 | use log::error;
[INFO] [stdout]   |     ^^^^^^^^^^
[INFO] [stdout]   |
[INFO] [stdout]   = note: `#[warn(unused_imports)]` on by default
[INFO] [stdout] 
[INFO] [stdout] 
[INFO] [stdout] warning: unused import: `log::error`
[INFO] [stdout]  --> src/http/response.rs:7:5
[INFO] [stdout]   |
[INFO] [stdout] 7 | use log::error;
[INFO] [stdout]   |     ^^^^^^^^^^
[INFO] [stdout]   |
[INFO] [stdout]   = note: `#[warn(unused_imports)]` on by default
[INFO] [stdout] 
[INFO] [stdout] 
[INFO] [stdout] warning: 1 warning emitted
[INFO] [stdout] 
[INFO] [stdout] 
[INFO] [stdout] warning: 1 warning emitted
[INFO] [stdout] 
[INFO] [stdout] 
[INFO] [stdout] error[E0432]: unresolved import `tera`
[INFO] [stdout]  --> examples/template/main.rs:4:5
[INFO] [stdout]   |
[INFO] [stdout] 4 | use tera::Context;
[INFO] [stdout]   |     ^^^^ use of undeclared crate or module `tera`
[INFO] [stdout] 
[INFO] [stdout] 
[INFO] [stdout] error[E0599]: no function or associated item named `tmpl` found for struct `Response` in the current scope
[INFO] [stdout]   --> examples/template/main.rs:22:15
[INFO] [stdout]    |
[INFO] [stdout] 22 |     Response::tmpl("index.html", context)
[INFO] [stdout]    |               ^^^^ function or associated item not found in `Response`
[INFO] [stdout] 
[INFO] [stdout] 
[INFO] [stdout] error: aborting due to 2 previous errors
[INFO] [stdout] 
[INFO] [stdout] 
[INFO] [stdout] Some errors have detailed explanations: E0432, E0599.
[INFO] [stdout] 
[INFO] [stdout] For more information about an error, try `rustc --explain E0432`.
[INFO] [stdout] 
[INFO] [stdout] error[E0433]: failed to resolve: use of undeclared crate or module `mysql`
[INFO] [stdout]  --> examples/database/main.rs:4:5
[INFO] [stdout]   |
[INFO] [stdout] 4 | use mysql::prelude::*;
[INFO] [stdout]   |     ^^^^^ use of undeclared crate or module `mysql`
[INFO] [stdout] 
[INFO] [stdout] 
[INFO] [stdout] error[E0432]: unresolved import `haro::db`
[INFO] [stdout]  --> examples/database/main.rs:3:12
[INFO] [stdout]   |
[INFO] [stdout] 3 | use haro::{db, Application, Request, Response};
[INFO] [stdout]   |            ^^ no `db` in the root
[INFO] [stdout] 
[INFO] [stdout] 
[INFO] [stdout] error[E0432]: unresolved import `haro::db`
[INFO] [stdout]  --> tests/test.rs:1:12
[INFO] [stdout]   |
[INFO] [stdout] 1 | use haro::{db, middleware, Application, DynHandler, Handler, Request, Response};
[INFO] [stdout]   |            ^^ no `db` in the root
[INFO] [stdout] 
[INFO] [stdout] 
[INFO] [stderr] error: could not compile `haro` (example "template") due to 3 previous errors
[INFO] [stderr] warning: build failed, waiting for other jobs to finish...
[INFO] [stdout] error: aborting due to 2 previous errors
[INFO] [stdout] 
[INFO] [stdout] 
[INFO] [stdout] Some errors have detailed explanations: E0432, E0433.
[INFO] [stdout] 
[INFO] [stdout] For more information about an error, try `rustc --explain E0432`.
[INFO] [stdout] 
[INFO] [stderr] error: could not compile `haro` (example "database") due to 3 previous errors
[INFO] [stdout] error: aborting due to previous error
[INFO] [stdout] 
[INFO] [stdout] 
[INFO] [stdout] For more information about this error, try `rustc --explain E0432`.
[INFO] [stdout] 
[INFO] [stderr] error: could not compile `haro` (test "test") due to 2 previous errors
[INFO] running `Command { std: "docker" "inspect" "18a74fd81abdf5563a846fc0ab2355ad87366f88b71339851b8b2867dc7083d9", kill_on_drop: false }`
[INFO] running `Command { std: "docker" "rm" "-f" "18a74fd81abdf5563a846fc0ab2355ad87366f88b71339851b8b2867dc7083d9", kill_on_drop: false }`
[INFO] [stdout] 18a74fd81abdf5563a846fc0ab2355ad87366f88b71339851b8b2867dc7083d9
